{"id":9995,"date":"2018-06-27T20:41:51","date_gmt":"2018-06-27T18:41:51","guid":{"rendered":"http:\/\/blog.fotografiaprzyrodnicza.pl\/wp-content\/uploads\/2018\/06\/20180618-LUD09198.jpg"},"modified":"2018-06-27T20:41:51","modified_gmt":"2018-06-27T18:41:51","slug":"20180618-lud09198-2","status":"inherit","type":"attachment","link":"https:\/\/blog.fotografiaprzyrodnicza.pl\/en\/20180618-lud09198-2\/","title":{"rendered":"20180618-LUD09198"},"author":1,"featured_media":0,"comment_status":"open","ping_status":"closed","template":"","meta":{"_acf_changed":false},"class_list":["post-9995","attachment","type-attachment","status-inherit","hentry"],"acf":[],"yoast_head":"<!-- This site is optimized with the Yoast SEO plugin v27.5 - https:\/\/yoast.com\/product\/yoast-seo-wordpress\/ -->\n<title>20180618-LUD09198 - Blog.fotografiaprzyrodnicza.pl<\/title>\n<meta name=\"robots\" content=\"index, follow, max-snippet:-1, max-image-preview:large, max-video-preview:-1\" \/>\n<link rel=\"canonical\" href=\"https:\/\/blog.fotografiaprzyrodnicza.pl\/en\/20180618-lud09198-2\/\" \/>\n<meta property=\"og:locale\" content=\"en_US\" \/>\n<meta property=\"og:type\" content=\"article\" \/>\n<meta property=\"og:title\" content=\"20180618-LUD09198 - Blog.fotografiaprzyrodnicza.pl\" \/>\n<meta property=\"og:url\" content=\"https:\/\/blog.fotografiaprzyrodnicza.pl\/en\/20180618-lud09198-2\/\" \/>\n<meta property=\"og:site_name\" content=\"Blog.fotografiaprzyrodnicza.pl\" \/>\n<meta property=\"og:image\" content=\"https:\/\/blog.fotografiaprzyrodnicza.pl\/wp-content\/uploads\/2018\/06\/20180618-LUD09198.jpg\" \/>\n\t<meta property=\"og:image:width\" content=\"1280\" \/>\n\t<meta property=\"og:image:height\" content=\"1920\" \/>\n\t<meta property=\"og:image:type\" content=\"image\/jpeg\" \/>\n<meta name=\"twitter:card\" content=\"summary_large_image\" \/>\n<script type=\"application\/ld+json\" class=\"yoast-schema-graph\">{\"@context\":\"https:\\\/\\\/schema.org\",\"@graph\":[{\"@type\":\"WebPage\",\"@id\":\"https:\\\/\\\/blog.fotografiaprzyrodnicza.pl\\\/en\\\/20180618-lud09198-2\\\/\",\"url\":\"https:\\\/\\\/blog.fotografiaprzyrodnicza.pl\\\/en\\\/20180618-lud09198-2\\\/\",\"name\":\"20180618-LUD09198 - Blog.fotografiaprzyrodnicza.pl\",\"isPartOf\":{\"@id\":\"https:\\\/\\\/blog.fotografiaprzyrodnicza.pl\\\/en\\\/#website\"},\"datePublished\":\"2018-06-27T18:41:51+00:00\",\"breadcrumb\":{\"@id\":\"https:\\\/\\\/blog.fotografiaprzyrodnicza.pl\\\/en\\\/20180618-lud09198-2\\\/#breadcrumb\"},\"inLanguage\":\"en-US\",\"potentialAction\":[{\"@type\":\"ReadAction\",\"target\":[\"https:\\\/\\\/blog.fotografiaprzyrodnicza.pl\\\/en\\\/20180618-lud09198-2\\\/\"]}]},{\"@type\":\"BreadcrumbList\",\"@id\":\"https:\\\/\\\/blog.fotografiaprzyrodnicza.pl\\\/en\\\/20180618-lud09198-2\\\/#breadcrumb\",\"itemListElement\":[{\"@type\":\"ListItem\",\"position\":1,\"name\":\"Strona g\u0142\u00f3wna\",\"item\":\"https:\\\/\\\/blog.fotografiaprzyrodnicza.pl\\\/en\\\/\"},{\"@type\":\"ListItem\",\"position\":2,\"name\":\"20180618-LUD09198\"}]},{\"@type\":\"WebSite\",\"@id\":\"https:\\\/\\\/blog.fotografiaprzyrodnicza.pl\\\/en\\\/#website\",\"url\":\"https:\\\/\\\/blog.fotografiaprzyrodnicza.pl\\\/en\\\/\",\"name\":\"blog.fotografiaprzyrodnicza.pl\",\"description\":\"Fotografia przyrodnicza to pi\u0119kna pasja. Dlatego chcia\u0142bym si\u0119 podzieli\u0107 przemy\u015bleniami, do\u015bwiadczeniami, zdj\u0119ciami.\",\"publisher\":{\"@id\":\"https:\\\/\\\/blog.fotografiaprzyrodnicza.pl\\\/en\\\/#\\\/schema\\\/person\\\/9a1a2c16d3aea6cc29ce162538ab9c55\"},\"alternateName\":\"blog.fotografiaprzyrodnicza.pl\",\"potentialAction\":[{\"@type\":\"SearchAction\",\"target\":{\"@type\":\"EntryPoint\",\"urlTemplate\":\"https:\\\/\\\/blog.fotografiaprzyrodnicza.pl\\\/en\\\/?s={search_term_string}\"},\"query-input\":{\"@type\":\"PropertyValueSpecification\",\"valueRequired\":true,\"valueName\":\"search_term_string\"}}],\"inLanguage\":\"en-US\"},{\"@type\":[\"Person\",\"Organization\"],\"@id\":\"https:\\\/\\\/blog.fotografiaprzyrodnicza.pl\\\/en\\\/#\\\/schema\\\/person\\\/9a1a2c16d3aea6cc29ce162538ab9c55\",\"name\":\"Micha\u0142 Ludwiczak\",\"image\":{\"@type\":\"ImageObject\",\"inLanguage\":\"en-US\",\"@id\":\"https:\\\/\\\/blog.fotografiaprzyrodnicza.pl\\\/wp-content\\\/uploads\\\/2019\\\/08\\\/20151209-DSC_3021-e1589290826532.jpg\",\"url\":\"https:\\\/\\\/blog.fotografiaprzyrodnicza.pl\\\/wp-content\\\/uploads\\\/2019\\\/08\\\/20151209-DSC_3021-e1589290826532.jpg\",\"contentUrl\":\"https:\\\/\\\/blog.fotografiaprzyrodnicza.pl\\\/wp-content\\\/uploads\\\/2019\\\/08\\\/20151209-DSC_3021-e1589290826532.jpg\",\"width\":1276,\"height\":1252,\"caption\":\"Micha\u0142 Ludwiczak\"},\"logo\":{\"@id\":\"https:\\\/\\\/blog.fotografiaprzyrodnicza.pl\\\/wp-content\\\/uploads\\\/2019\\\/08\\\/20151209-DSC_3021-e1589290826532.jpg\"},\"sameAs\":[\"http:\\\/\\\/www.fotografiaprzyrodnicza.pl\"]}]}<\/script>\n<!-- \/ Yoast SEO plugin. -->","yoast_head_json":{"title":"20180618-LUD09198 - Blog.fotografiaprzyrodnicza.pl","robots":{"index":"index","follow":"follow","max-snippet":"max-snippet:-1","max-image-preview":"max-image-preview:large","max-video-preview":"max-video-preview:-1"},"canonical":"https:\/\/blog.fotografiaprzyrodnicza.pl\/en\/20180618-lud09198-2\/","og_locale":"en_US","og_type":"article","og_title":"20180618-LUD09198 - Blog.fotografiaprzyrodnicza.pl","og_url":"https:\/\/blog.fotografiaprzyrodnicza.pl\/en\/20180618-lud09198-2\/","og_site_name":"Blog.fotografiaprzyrodnicza.pl","og_image":[{"width":1280,"height":1920,"url":"https:\/\/blog.fotografiaprzyrodnicza.pl\/wp-content\/uploads\/2018\/06\/20180618-LUD09198.jpg","type":"image\/jpeg"}],"twitter_card":"summary_large_image","schema":{"@context":"https:\/\/schema.org","@graph":[{"@type":"WebPage","@id":"https:\/\/blog.fotografiaprzyrodnicza.pl\/en\/20180618-lud09198-2\/","url":"https:\/\/blog.fotografiaprzyrodnicza.pl\/en\/20180618-lud09198-2\/","name":"20180618-LUD09198 - Blog.fotografiaprzyrodnicza.pl","isPartOf":{"@id":"https:\/\/blog.fotografiaprzyrodnicza.pl\/en\/#website"},"datePublished":"2018-06-27T18:41:51+00:00","breadcrumb":{"@id":"https:\/\/blog.fotografiaprzyrodnicza.pl\/en\/20180618-lud09198-2\/#breadcrumb"},"inLanguage":"en-US","potentialAction":[{"@type":"ReadAction","target":["https:\/\/blog.fotografiaprzyrodnicza.pl\/en\/20180618-lud09198-2\/"]}]},{"@type":"BreadcrumbList","@id":"https:\/\/blog.fotografiaprzyrodnicza.pl\/en\/20180618-lud09198-2\/#breadcrumb","itemListElement":[{"@type":"ListItem","position":1,"name":"Strona g\u0142\u00f3wna","item":"https:\/\/blog.fotografiaprzyrodnicza.pl\/en\/"},{"@type":"ListItem","position":2,"name":"20180618-LUD09198"}]},{"@type":"WebSite","@id":"https:\/\/blog.fotografiaprzyrodnicza.pl\/en\/#website","url":"https:\/\/blog.fotografiaprzyrodnicza.pl\/en\/","name":"blog.fotografiaprzyrodnicza.pl","description":"Fotografia przyrodnicza to pi\u0119kna pasja. Dlatego chcia\u0142bym si\u0119 podzieli\u0107 przemy\u015bleniami, do\u015bwiadczeniami, zdj\u0119ciami.","publisher":{"@id":"https:\/\/blog.fotografiaprzyrodnicza.pl\/en\/#\/schema\/person\/9a1a2c16d3aea6cc29ce162538ab9c55"},"alternateName":"blog.fotografiaprzyrodnicza.pl","potentialAction":[{"@type":"SearchAction","target":{"@type":"EntryPoint","urlTemplate":"https:\/\/blog.fotografiaprzyrodnicza.pl\/en\/?s={search_term_string}"},"query-input":{"@type":"PropertyValueSpecification","valueRequired":true,"valueName":"search_term_string"}}],"inLanguage":"en-US"},{"@type":["Person","Organization"],"@id":"https:\/\/blog.fotografiaprzyrodnicza.pl\/en\/#\/schema\/person\/9a1a2c16d3aea6cc29ce162538ab9c55","name":"Micha\u0142 Ludwiczak","image":{"@type":"ImageObject","inLanguage":"en-US","@id":"https:\/\/blog.fotografiaprzyrodnicza.pl\/wp-content\/uploads\/2019\/08\/20151209-DSC_3021-e1589290826532.jpg","url":"https:\/\/blog.fotografiaprzyrodnicza.pl\/wp-content\/uploads\/2019\/08\/20151209-DSC_3021-e1589290826532.jpg","contentUrl":"https:\/\/blog.fotografiaprzyrodnicza.pl\/wp-content\/uploads\/2019\/08\/20151209-DSC_3021-e1589290826532.jpg","width":1276,"height":1252,"caption":"Micha\u0142 Ludwiczak"},"logo":{"@id":"https:\/\/blog.fotografiaprzyrodnicza.pl\/wp-content\/uploads\/2019\/08\/20151209-DSC_3021-e1589290826532.jpg"},"sameAs":["http:\/\/www.fotografiaprzyrodnicza.pl"]}]}},"jetpack_sharing_enabled":true,"description":{"rendered":"<p class=\"attachment\"><a href='https:\/\/blog.fotografiaprzyrodnicza.pl\/wp-content\/uploads\/2018\/06\/20180618-LUD09198.jpg'><img fetchpriority=\"high\" decoding=\"async\" width=\"200\" height=\"300\" src=\"https:\/\/blog.fotografiaprzyrodnicza.pl\/wp-content\/uploads\/2018\/06\/20180618-LUD09198-200x300.jpg\" class=\"attachment-medium size-medium\" alt=\"\" srcset=\"https:\/\/blog.fotografiaprzyrodnicza.pl\/wp-content\/uploads\/2018\/06\/20180618-LUD09198-200x300.jpg 200w, https:\/\/blog.fotografiaprzyrodnicza.pl\/wp-content\/uploads\/2018\/06\/20180618-LUD09198-683x1024.jpg 683w, https:\/\/blog.fotografiaprzyrodnicza.pl\/wp-content\/uploads\/2018\/06\/20180618-LUD09198-768x1152.jpg 768w, https:\/\/blog.fotografiaprzyrodnicza.pl\/wp-content\/uploads\/2018\/06\/20180618-LUD09198-1024x1536.jpg 1024w, https:\/\/blog.fotografiaprzyrodnicza.pl\/wp-content\/uploads\/2018\/06\/20180618-LUD09198-47x70.jpg 47w, https:\/\/blog.fotografiaprzyrodnicza.pl\/wp-content\/uploads\/2018\/06\/20180618-LUD09198.jpg 1280w\" sizes=\"(max-width: 200px) 100vw, 200px\" data-attachment-id=\"9995\" data-permalink=\"https:\/\/blog.fotografiaprzyrodnicza.pl\/en\/20180618-lud09198-2\/\" data-orig-file=\"https:\/\/blog.fotografiaprzyrodnicza.pl\/wp-content\/uploads\/2018\/06\/20180618-LUD09198.jpg\" data-orig-size=\"1280,1920\" data-comments-opened=\"1\" data-image-meta=\"{&quot;aperture&quot;:&quot;5.6&quot;,&quot;credit&quot;:&quot;Michal Ludwiczak&quot;,&quot;camera&quot;:&quot;ILCE-6500&quot;,&quot;caption&quot;:&quot;&quot;,&quot;created_timestamp&quot;:&quot;1529330797&quot;,&quot;copyright&quot;:&quot;www.fotografiaprzyrodnicza.pl&quot;,&quot;focal_length&quot;:&quot;248&quot;,&quot;iso&quot;:&quot;800&quot;,&quot;shutter_speed&quot;:&quot;0.000625&quot;,&quot;title&quot;:&quot;&quot;,&quot;orientation&quot;:&quot;0&quot;}\" data-image-title=\"20180618-LUD09198\" data-image-description=\"\" data-image-caption=\"\" data-large-file=\"https:\/\/blog.fotografiaprzyrodnicza.pl\/wp-content\/uploads\/2018\/06\/20180618-LUD09198-683x1024.jpg\" \/><\/a><\/p>\n"},"caption":{"rendered":""},"alt_text":"","media_type":"image","mime_type":"image\/jpeg","media_details":{"width":1280,"height":1920,"file":"2018\/06\/20180618-LUD09198.jpg","filesize":111676,"sizes":{"medium":{"file":"20180618-LUD09198-200x300.jpg","width":200,"height":300,"filesize":6160,"mime_type":"image\/jpeg","source_url":"https:\/\/blog.fotografiaprzyrodnicza.pl\/wp-content\/uploads\/2018\/06\/20180618-LUD09198-200x300.jpg"},"large":{"file":"20180618-LUD09198-683x1024.jpg","width":683,"height":1024,"filesize":39948,"mime_type":"image\/jpeg","source_url":"https:\/\/blog.fotografiaprzyrodnicza.pl\/wp-content\/uploads\/2018\/06\/20180618-LUD09198-683x1024.jpg"},"thumbnail":{"file":"20180618-LUD09198-150x150.jpg","width":150,"height":150,"filesize":3096,"mime_type":"image\/jpeg","source_url":"https:\/\/blog.fotografiaprzyrodnicza.pl\/wp-content\/uploads\/2018\/06\/20180618-LUD09198-150x150.jpg"},"medium_large":{"file":"20180618-LUD09198-768x1152.jpg","width":768,"height":1152,"filesize":48352,"mime_type":"image\/jpeg","source_url":"https:\/\/blog.fotografiaprzyrodnicza.pl\/wp-content\/uploads\/2018\/06\/20180618-LUD09198-768x1152.jpg"},"1536x1536":{"file":"20180618-LUD09198-1024x1536.jpg","width":1024,"height":1536,"filesize":80440,"mime_type":"image\/jpeg","source_url":"https:\/\/blog.fotografiaprzyrodnicza.pl\/wp-content\/uploads\/2018\/06\/20180618-LUD09198-1024x1536.jpg"},"yprm-lazyloading-placeholder":{"file":"20180618-LUD09198-47x70.jpg","width":47,"height":70,"filesize":1083,"mime_type":"image\/jpeg","source_url":"https:\/\/blog.fotografiaprzyrodnicza.pl\/wp-content\/uploads\/2018\/06\/20180618-LUD09198-47x70.jpg"},"full":{"file":"20180618-LUD09198.jpg","width":1280,"height":1920,"mime_type":"image\/jpeg","source_url":"https:\/\/blog.fotografiaprzyrodnicza.pl\/wp-content\/uploads\/2018\/06\/20180618-LUD09198.jpg"}},"image_meta":{"aperture":"5.6","credit":"Michal Ludwiczak","camera":"ILCE-6500","caption":"","created_timestamp":"1529330797","copyright":"www.fotografiaprzyrodnicza.pl","focal_length":"248","iso":"800","shutter_speed":"0.000625","title":"","orientation":"0","keywords":[]}},"post":null,"source_url":"https:\/\/blog.fotografiaprzyrodnicza.pl\/wp-content\/uploads\/2018\/06\/20180618-LUD09198.jpg","_links":{"self":[{"href":"https:\/\/blog.fotografiaprzyrodnicza.pl\/en\/wp-json\/wp\/v2\/media\/9995","targetHints":{"allow":["GET"]}}],"collection":[{"href":"https:\/\/blog.fotografiaprzyrodnicza.pl\/en\/wp-json\/wp\/v2\/media"}],"about":[{"href":"https:\/\/blog.fotografiaprzyrodnicza.pl\/en\/wp-json\/wp\/v2\/types\/attachment"}],"author":[{"embeddable":true,"href":"https:\/\/blog.fotografiaprzyrodnicza.pl\/en\/wp-json\/wp\/v2\/users\/1"}],"replies":[{"embeddable":true,"href":"https:\/\/blog.fotografiaprzyrodnicza.pl\/en\/wp-json\/wp\/v2\/comments?post=9995"}]}}

<!-- This site is optimized with the Yoast SEO plugin v27.5 - https://yoast.com/product/yoast-seo-wordpress/ -->
<title>20180618-LUD09198 - Blog.fotografiaprzyrodnicza.pl</title>
<meta name="robots" content="index, follow, max-snippet:-1, max-image-preview:large, max-video-preview:-1" />
<link rel="canonical" href="https://blog.fotografiaprzyrodnicza.pl/en/20180618-lud09198-2/" />
<meta property="og:locale" content="en_US" />
<meta property="og:type" content="article" />
<meta property="og:title" content="20180618-LUD09198 - Blog.fotografiaprzyrodnicza.pl" />
<meta property="og:url" content="https://blog.fotografiaprzyrodnicza.pl/en/20180618-lud09198-2/" />
<meta property="og:site_name" content="Blog.fotografiaprzyrodnicza.pl" />
<meta property="og:image" content="https://blog.fotografiaprzyrodnicza.pl/wp-content/uploads/2018/06/20180618-LUD09198.jpg" />
	<meta property="og:image:width" content="1280" />
	<meta property="og:image:height" content="1920" />
	<meta property="og:image:type" content="image/jpeg" />
<meta name="twitter:card" content="summary_large_image" />
<script type="application/ld+json" class="yoast-schema-graph">{"@context":"https:\/\/schema.org","@graph":[{"@type":"WebPage","@id":"https:\/\/blog.fotografiaprzyrodnicza.pl\/en\/20180618-lud09198-2\/","url":"https:\/\/blog.fotografiaprzyrodnicza.pl\/en\/20180618-lud09198-2\/","name":"20180618-LUD09198 - Blog.fotografiaprzyrodnicza.pl","isPartOf":{"@id":"https:\/\/blog.fotografiaprzyrodnicza.pl\/en\/#website"},"datePublished":"2018-06-27T18:41:51+00:00","breadcrumb":{"@id":"https:\/\/blog.fotografiaprzyrodnicza.pl\/en\/20180618-lud09198-2\/#breadcrumb"},"inLanguage":"en-US","potentialAction":[{"@type":"ReadAction","target":["https:\/\/blog.fotografiaprzyrodnicza.pl\/en\/20180618-lud09198-2\/"]}]},{"@type":"BreadcrumbList","@id":"https:\/\/blog.fotografiaprzyrodnicza.pl\/en\/20180618-lud09198-2\/#breadcrumb","itemListElement":[{"@type":"ListItem","position":1,"name":"Strona główna","item":"https:\/\/blog.fotografiaprzyrodnicza.pl\/en\/"},{"@type":"ListItem","position":2,"name":"20180618-LUD09198"}]},{"@type":"WebSite","@id":"https:\/\/blog.fotografiaprzyrodnicza.pl\/en\/#website","url":"https:\/\/blog.fotografiaprzyrodnicza.pl\/en\/","name":"blog.fotografiaprzyrodnicza.pl","description":"Fotografia przyrodnicza to piękna pasja. Dlatego chciałbym się podzielić przemyśleniami, doświadczeniami, zdjęciami.","publisher":{"@id":"https:\/\/blog.fotografiaprzyrodnicza.pl\/en\/#\/schema\/person\/9a1a2c16d3aea6cc29ce162538ab9c55"},"alternateName":"blog.fotografiaprzyrodnicza.pl","potentialAction":[{"@type":"SearchAction","target":{"@type":"EntryPoint","urlTemplate":"https:\/\/blog.fotografiaprzyrodnicza.pl\/en\/?s={search_term_string}"},"query-input":{"@type":"PropertyValueSpecification","valueRequired":true,"valueName":"search_term_string"}}],"inLanguage":"en-US"},{"@type":["Person","Organization"],"@id":"https:\/\/blog.fotografiaprzyrodnicza.pl\/en\/#\/schema\/person\/9a1a2c16d3aea6cc29ce162538ab9c55","name":"Michał Ludwiczak","image":{"@type":"ImageObject","inLanguage":"en-US","@id":"https:\/\/blog.fotografiaprzyrodnicza.pl\/wp-content\/uploads\/2019\/08\/20151209-DSC_3021-e1589290826532.jpg","url":"https:\/\/blog.fotografiaprzyrodnicza.pl\/wp-content\/uploads\/2019\/08\/20151209-DSC_3021-e1589290826532.jpg","contentUrl":"https:\/\/blog.fotografiaprzyrodnicza.pl\/wp-content\/uploads\/2019\/08\/20151209-DSC_3021-e1589290826532.jpg","width":1276,"height":1252,"caption":"Michał Ludwiczak"},"logo":{"@id":"https:\/\/blog.fotografiaprzyrodnicza.pl\/wp-content\/uploads\/2019\/08\/20151209-DSC_3021-e1589290826532.jpg"},"sameAs":["http:\/\/www.fotografiaprzyrodnicza.pl"]}]}</script>
<!-- / Yoast SEO plugin. -->

Strona główna

Fotografia przyrodnicza to piękna pasja. Dlatego chciałbym się podzielić przemyśleniami, doświadczeniami, zdjęciami.

Michał Ludwiczak
